-2123212 - 3112?
-2132330
In base 5, what is -3 + 122300?
122242
In base 2, what is -10111010101000 + 1011101?
-10111001001011
In base 4, what is 1010130 - -11230?
1022020
In base 4, what is 2 - 231100232?
-231100230
In base 3, what is 10 - -2101201021?
2101201101
In base 3, what is -101201 - -2010212?
1202011
In base 3, what is -112120 - 1202?
-121022
In base 16, what is b8717 - -9?
b8720
In base 5, what is -11014 - 2?
-11021
In base 12, what is ba6 - -12?
bb8
In base 8, what is 70 - 10343?
-10253
In base 2, what is -10011000000 + -1100011?
-10100100011
In base 7, what is -3 - -1355666?
1355663
In base 3, what is 112212021 - 21?
112212000
In base 16, what is 42 + -30db?
-3099
In base 2, what is 0 - -1011100001011100?
1011100001011100
In base 15, what is -2 - -10cc?
10ca
In base 8, what is 45 + 55001?
55046
In base 13, what is 26b14 + -4?
26b10
In base 3, what is 10 - 22021212?
-22021202
In base 14, what is -10 - 4235?
-4245
In base 12, what is 3 + -1766?
-1763
In base 5, what is 4001033 + 2?
4001040
In base 8, what is 1350 - -477?
2047
In base 16, what is -1243 - 16?
-1259
In base 5, what is -140 - -4013?
3323
In base 3, what is 12002201 - 12?
12002112
In base 11, what is 41 + 2a363?
2a3a4
In base 12, what is -2 - ab89?
-ab8b
In base 8, what is -1 + -15477?
-15500
In base 3, what is 122212002002 - 102?
122212001200
In base 4, what is -301 + -3121002?
-3121303
In base 9, what is 171475 + 4?
171480
In base 9, what is 534 + -6834?
-6300
In base 9, what is 8320 - 270?
8040
In base 5, what is -40 + -12211?
-12301
In base 8, what is -30150 - -16?
-30132
In base 14, what is -1a5 - -b?
-198
In base 6, what is 202404 + 5?
202413
In base 6, what is -53 + -153224?
-153321
In base 13, what is 10469c8 + -5?
10469c3
In base 14, what is 2462c - 1?
2462b
In base 16, what is 97b + e?
989
In base 3, what is -100211012 + -1101?
-100212120
In base 2, what is -110100011000 + 1001101?
-110011001011
In base 9, what is -31303 + 0?
-31303
In base 12, what is 4 + 279ab?
279b3
In base 15, what is -7 + 3da7?
3da0
In base 15, what is 2e5 - -129?
41e
In base 12, what is -39 + 1314?
1297
In base 5, what is 0 + 202421434?
202421434
In base 15, what is -4 - -28c44?
28c40
In base 11, what is 4282 + -72?
4210
In base 3, what is -10100022110 + 12?
-10100022021
In base 7, what is -1460 - 1633?
-3423
In base 3, what is -20 + -111021211101?
-111021211121
In base 12, what is -10859 + -8?
-10865
In base 3, what is 2200112 + -20110?
2110002
In base 4, what is -333102 - 303?
-1000011
In base 14, what is 1b28 + 16?
1b40
In base 14, what is -25 - -2bd9?
2bb4
In base 11, what is -61 + -93?
-144
In base 6, what is -14 + 3552?
3534
In base 13, what is a + -13860?
-13853
In base 15, what is 137ce + 14?
137e3
In base 16, what is 1 - -37f00?
37f01
In base 15, what is -47c9 - 1?
-47ca
In base 7, what is 1134 + 5123?
6260
In base 15, what is 11 + 1de03?
1de14
In base 10, what is 235876 - 0?
235876
In base 11, what is 2 - 1675?
-1673
In base 16, what is 0 - -24d16?
24d16
In base 3, what is -10 - -2112211221?
2112211211
In base 7, what is 1215215 + -42?
1215143
In base 2, what is 10001011 - -10110110101111?
10111000111010
In base 4, what is -201 - -11231100?
11230233
In base 7, what is -1 - -330356?
330355
In base 14, what is 32 + 1490c?
14940
In base 8, what is 506 - -177?
705
In base 14, what is -3 + -14124?
-14127
In base 9, what is -20 + 348700?
348670
In base 4, what is 11131011 + 2?
11131013
In base 10, what is 9 + 24544?
24553
In base 8, what is 11 + -227034?
-227023
In base 6, what is -3531 + 50?
-3441
In base 4, what is 11 - 3112313203?
-3112313132
In base 7, what is -44053 + -33?
-44116
In base 10, what is 20 - 6684?
-6664
In base 6, what is 34 - -1541?
2015
In base 10, what is -1850 + 95?
-1755
In base 3, what is 0 - 201202002?
-201202002
In base 12, what is -1 + -277271?
-277272
In base 8, what is 2 + 235027?
235031
In base 15, what is 3 - -4e155?
4e158
In base 9, what is -2 - -2831815?
2831813
In base 2, what is 0 + 11001011110000000111?
11001011110000000111
In base 13, what is -2646 - 7?
-2650
In base 9, what is 26575 + 2?
26577
In base 15, what is 0 - 61b7e?
-61b7e
In base 6, what is 30 - -2034?
2104
In base 8, what is 32 + 2245?
2277
In base 14, what is 1d8 + 16d?
367
In base 8, what is -260 - -11567?
11307
In base 9, what is -55344 + 2?
-55342
In base 13, what is 2a5b0 - -3?
2a5b3
In base 4, what is 12200123033 + 2?
12200123101
In base 2, what is 1010110110 + 110?
1010111100
In base 7, what is 2552664 + 4?
2553001
In base 14, what is -3282 - 6?
-3288
In base 9, what is 2 - 1066242?
-1066240
In base 11, what is -2 - -47a3?
47a1
In base 9, what is -5 + -1625?
-1631
In base 11, what is -31394 + -33?
-31417
In base 5, what is -434 - 1411?
-2400
In base 15, what is 5 - -da70b?
da711
In base 11, what is -a + 18055?
18046
In base 14, what is c + 3b84?
3b92
In base 6, what is 0 - -232541?
232541
In base 9, what is -75544 - -4?
-75540
In base 3, what is 1 - -11121010012?
11121010020
In base 3, what is 1111 - 1201202?
-1200021
In base 10, what is -4 - -247145?
247141
In base 8, what is 41523 + -2?
41521
In base 2, what is -11101101001010 - -10001?
-11101100111001
In base 9, what is -5 + 8330?
8324
In base 2, what is -11 - -10010011011?
10010011000
In base 12, what is 173b2 - 72?
17340
In base 12, what is -5 - -1aa3?
1a9a
In base 14, what is 21b37 + 4?
21b3b
In base 12, what is -a6 - -6271?
6187
In base 7, what is 0 + -2654?
-2654
In base 2, what is -1 - -10100110110010011010?
10100110110010011001
In base 14, what is 711c - -2?
7120
In base 12, what is 8886b6 + 5?
8886bb
In base 4, what is -2320300 - -13?
-2320221
In base 5, what is 2 + 223434?
223441
In base 4, what is -121 + -102100133?
-102100320
In base 2, what is 1000000101010 - -10001110101?
1010010011111
In base 2, what is 11 - 11010000111010?
-11010000110111
In base 6, what is -212 + -40524?
-41140
In base 14, what is -34b - -168?
-1c3
In base 3, what is -2 - 10011202200010?
-10011202200012
In base 7, what is -14 - -636321?
636304
In base 12, what is -1 - 6b370?
-6b371
In base 6, what is 3 + 255250?
255253
In base 5, what is -3 - -1003041?
1003033
In base 9, what is -204 + 1633?
1428
In base 13, what is -4 + 7b7ba?
7b7b6
In base 4, what is 0 - -33103230?
33103230
In base 11, what is a78 - -243?
1210
In base 11, what is 53584 - 37?
53548
In base 15, what is 16202a - 0?
16202a
In base 4, what is 20 + -121222120?
-121222100
In base 16, what is c9 + -18c7?
-17fe
In base 9, what is -7011 - -77?
-6823
In base 6, what is 5 + 5110134?
5110143
In base 14, what is 1b38 + -218?
1920
In base 12, what is 3 + 4804?
4807
In base 7, what is -5 + 35062?
35054
In base 3, what is -112101 - 10000?
-122101
In base 15, what is -b5585 + 2?
-b5583
In base 4, what is 1030213 - 2030?
1022123
In base 13, what is 1b - 13912?
-138c4
In base 10, what is -1892 + 27?
-1865
In base 12, what is -aa + b83?
a95
In base 15, what is 1a2 - 11c?
85
In base 11, what is 4a15 + 22?
4a37
In base 3, what is 200100011100 - 110?
200100010220
In base 6, what is 32 + 24443?
24515
In base 9, what is 0 - -177006?
177006
In base 4, what is 11 + 2330021?
2330032
In base 10, what is 238 - -199?
437
In base 7, what is 0 - -3112?
3112
In base 9, what is 1058702 - 1?
1058701
In base 2, what is 10 - 110011110010?
-110011110000
In base 6, what is -150 - 3153?
-3343
In base 15, what is -8 + -3420d?
-34216
In base 16, what is -396b + 1e?
-394d
In base 14, what is -13 - 1436?
-1449
In base 10, what is 6 - 2906?
-2900
In base 16, what is 3 + cc7d?
cc80
In base 16, what is -92d1c + -5?
-92d21
In base 9, what is 13 + 121614?
121627
In base 13, what is 5 + -21705?
-21700
In base 14, what is 4d8278 - -1?
4d8279
In base 14, what is 20 - 3a3?
-383
In base 15, what is 2 + 4bd47?
4bd49
In base 4, what is -3213 + 2312100?
2302221
In base 5, what is -30214011 - 20?
-30214031
In base 8, what is 11 - -4735?
4746
In base 10, what is 206 + 73?
279
In base 5, what is 103410 - -244?
104204
In base 7, what is -3 - 10035?
-10041
In base 4, what is -23 - 33000221?
-33000310
In base 11, what is 21 + -1483?
-1462
In base 11, what is 12a12 - 9?
12a04
In base 12, what is -370 + 2805?
2455
In base 15, what is aa - 1115?
-105a
In base 9, what is 17530 + -5?
17524
In base 16, what is -38 + 724e?
7216
In base 12, wh